g + 4. Suppose 155*q = 151*q - 20. Give z(q).
-16
Let f(u) = 902*u - 44*u**2 - 901*u + 28 - 28. Calculate f(1).
-43
Let r(f) = 0*f - f**2 + 2*f + 4 - 5. Suppose -103 = 4*y + 29. Let c be (1 - -2)*((-11)/y - 1). Determine r(c).
-9
Let f(j) = 2*j - 16. Let n(r) = 6*r - 33. Let u(k) = 5*f(k) - 2*n(k). Let w be (-342)/(-513) - (-35)/(-3). Determine u(w).
8
Let m = 143 - 139. Let z(f) = -f - 23 + 27 - m. Calculate z(0).
0
Let i(d) = -d**2 - 9*d - 8. Let m(l) = l**3 - 5*l**2 + 4*l - 27. Let z be m(5). What is i(z)?
6
Let v(x) = 29*x**3 + 5*x**2 + 23*x + 15. Let b(z) = -13*z**3 - 3*z**2 - 11*z - 7. Let g(h) = 9*b(h) + 4*v(h). What is g(-5)?
-18
Let f(r) = 11 - 5*r - 2*r**2 + r**2 - 2*r. Let m be (-105)/(-63) + 85/3. Let i be 26/(-3) + m/(-90). Give f(i).
-7
Let w(g) = 11*g + 66. Let m(n) = 25*n + 123. Let o(c) = -2*m(c) + 5*w(c). Calculate o(-18).
-6
Let l(g) = g - 2. Let y = 70 - 67. Suppose -12*t - 108 = -y*t. Let v = -8 - t. Give l(v).
2
Let n(r) = 9*r**2 - r + 2. Suppose 137 - 93 = -22*a. Determine n(a).
40
Let l(n) = -n**2 + 773 + 6*n**3 - 382 - 392 + n. Let t(u) = -u**3 - 7*u**2 + 1. Let d be t(-7). What is l(d)?
5
Let h be 18/(-12) + 2 - 52/(-8). Suppose h*j - j = 0. Let d(y) = -y**3 - y**2 - 10. Calculate d(j).
-10
Let l(w) = -16*w + 433. Let o(m) = -4*m + 98. Let j(v) = 2*l(v) - 9*o(v). What is j(6)?
8
Suppose -78 + 54 = -3*y. Let d(p) = -30*p**3 - 5*p**2 + y*p + 63*p**3 - 1 - 34*p**3. Calculate d(-6).
-13
Let s be (-1 + -5)*(-2)/4. Let i(g) = -568*g - 3 - 2*g**s + 2*g**2 + 566*g + 3*g**3. Let j = 12 - 14. Calculate i(j).
1
Let p(b) = 12*b**3 - b**2 - 4*b + 1. Let x(m) = -35*m**3 + 12*m**2 + 13*m - 3. Let v(u) = -3*p(u) - x(u). What is v(-9)?
9
Let r(b) = -b**3 - b - 12. Let t(j) = j**3 - j**2 + j + 13. Let m(c) = 6*r(c) + 5*t(c). Let o be -7 + 4 + (21 - 23). Determine m(o).
-2
Let p(z) = 8*z - z + 1264*z**2 - z**3 - 1270*z**2 + 3. Suppose 4 - 39 = 5*c. What is p(c)?
3
Let x(y) = 919 - 375 - 403 - 261 - 8*y. Give x(-15).
0
Let q(k) = -6*k**2 + 32*k - 5. Let v = 61 - 56. Let p be q(v). Let z(g) = 3*g + 5. Let f(m) = m. Let l(x) = -6*f(x) + z(x). What is l(p)?
-10
Let s(q) = -15*q + 9. Suppose -1223*g + 1285*g = 124. What is s(g)?
-21
Let c = 4376 - 4356. Let o(g) = -2*g + 11. What is o(c)?
-29
Let d(w) = 3*w + 10. Let x = -3016 + 2998. What is d(x)?
-44
Let x = -728 + 731. Let a(o) be the first derivative of -1/3*o**x + 4 - 3*o + 2*o**2. Calculate a(4).
-3
Let v(k) = 13*k - 21 - 29*k - k**2 + 12*k + 34. Suppose -89 = -7*d - 131. What is v(d)?
1
Suppose -90 = -21*d - 6. Suppose 5*h = d*t + 2, 12*h + 19 = -5*t + 10*h. Let o(n) = n**3 + 5*n**2 + 6*n + 4. What is o(t)?
4
Suppose 5 = -2*b + 3*r, r + 0*r + 4 = -5*b. Let t be 3*(3 - (2 + 0)) + b. Let l(s) = s**3 - s**2 + 2*s - 1. What is l(t)?
7
Let r(y) be the third derivative of -y**5/60 - 5*y**4/24 - 4*y**3/3 - y**2 - 2*y + 2612. Calculate r(0).
-8
Suppose 3 = -17*n + 18*n. Suppose -q - 2*g + 2 + n = 0, 0 = -3*g. Let z(x) = -6 - 2 - 3*x + 5*x + q. Determine z(2).
1
Let x(o) be the first derivative of -o**5/20 + o**4/2 - o**3 + 2*o**2 + 142*o - 45. Let r(p) be the first derivative of x(p). Suppose -3 = -3*q + 9. Give r(q).
12
Let y(x) be the second derivative of -x**4/4 - 8*x**3/3 - 3*x**2 - 165*x. Determine y(-5).
-1
Let f = 3 - 8. Let y(r) be the second derivative of r**5/20 + 5*r**4/12 - 2*r**3/3 - 15*r**2/2 + 956*r. What is y(f)?
5
Let v(l) = -15*l. Let c(p) = 9 + 41*p - 48*p - 9. Let j(w) = 10*c(w) - 4*v(w). Determine j(3).
-30
Suppose -3*s - 5*y - 67 = -86, 25*s - 77 = -y. Let c(o) be the second derivative of -7/12*o**4 - 4*o**2 + 7/6*o**s + 0 + 20*o + 1/20*o**5. Calculate c(6).
-2
Suppose 4*j - 64 = -u, 0 = -3*j - u - 24 + 74. Let y(n) = 3*n**2 - 42*n + 20. Give y(j).
20
Let l(z) = z**2 - 5*z + 5. Let v(j) = 3*j - 26. Let u be v(-14). Let d = -63 - u. Determine l(d).
5
Let w(y) = y**2 - 11*y + 10. Let o = 414 + -410. Suppose -o + 67 = 7*f. Give w(f).
-8
Suppose -1 = -2*d - 3. Let i(j) = -11*j + 89 + 95 - 673 + 487. Calculate i(d).
9
Let a(i) = -75*i - 1791. Let p be a(-24). Let x(k) = 3*k - 15. Give x(p).
12
Let w = 7 + -13. Let p be w/((-15)/(-10)*-1). Let s(z) = z + 4*z - p - 4*z. Give s(7).
3
Suppose 43*z - 21*z - 90 = 27*z. Let i(b) = -b**3 - 18*b**2 - 9. Determine i(z).
-9
Let o(r) be the second derivative of -r**3/3 + 3*r**2 - 1404*r. Give o(5).
-4
Suppose -2*n + 3 = -n + 4*v, 5*n + 3*v = 15. Let l(q) = 5*q + 1 - q**2 + 9*q**2 - q**3 - 3*q + 2 - 5*q**2. Calculate l(n).
9
Let c(n) = -1033 + 502 + 39*n + 754. Calculate c(-6).
-11
Let y = -146 + 151. Let k(x) = 147*x**2 + 5*x + 11 + 10 - 148*x**2 - 21. Give k(y).
0
Let j(x) = x**3 - 3*x**2 - 23*x - 133. Let v be j(8). Let a(b) be the second derivative of 0 + 7/20*b**5 + 0*b**2 + 31*b - 1/12*b**4 + 1/6*b**v. What is a(1)?
7
Let v be 6/9 - (-4)/(-6). Let w = -64 - -70. Let i(l) = -l + 0*l - 15*l**2 - 2 + 10*l**2 + l**3 + w*l**2. What is i(v)?
-2
Suppose -17*r + 12 = -11*r. Let d(g) = r + 1 - 5. Let l(w) = 4*w + 3. Let p(v) = 4*d(v) + l(v). Calculate p(6).
19
Suppose 4*o + 6 = s - 5, -4*o = -2*s + 18. Let f(r) = r**3 + 38*r**2 + 2*r + 81. Let c be f(-38). Let k(b) = b**2 - c - 11*b + 25*b - s*b - 2. Calculate k(-7).
-7
Let q(t) = 24*t + 126. Let c(k) = -k**3 - 8*k**2 + 32*k + 251. Let p be c(-8). Determine q(p).
6
Let m(h) = -2*h + 29. Let o = 3472 + -3463. Calculate m(o).
11
Suppose 0 = 9*k - 77 + 23. Let i(f) = -f**3 - 23*f**2 + 46*f - 35. Let n be i(-25). Let u(s) = n*s**3 + 59*s**3 + 7*s**2 - 3*s - 125*s**3 + 4. Give u(k).
22
Let d(t) = 7*t**3 - 36*t**2 + 65*t - 39. Let s(p) = -24*p**3 + 109*p**2 - 195*p + 117. Let u(k) = -7*d(k) - 2*s(k). Give u(32).
7
Let v(j) = j**2 - j - 2. Suppose 3*u - 92 = o + 6*u, o + 87 = -4*u. Let m = o - -111. Suppose 2*x + 4*n = -2*x - m, -n = -x + 1. Calculate v(x).
-2
Let k(g) = -g**2 + 26*g + 794. Let b be k(-18). Suppose -i - 13 = 5*n - 0, 2*i - 16 = 4*n. Let r(p) = -i*p + 2 - 4*p + p. What is r(b)?
-8
Let i(z) = 3*z**3 - 12*z**2 - 3*z + 14. Let j be i(4). Suppose 2*r - 2 = 2*w, -3*r + j + 1 = 2*w. Let u(s) = -3*s - 1. What is u(r)?
-4
Let c(a) = -6*a + 13. Suppose 382*f = 5*y + 385*f - 24, -24 = -3*y + 3*f. Give c(y).
-23
Suppose 2*z = 3*x - 23, 2*x + 5*z + 3 = -7. Let s(i) = 48 - 2*i + 2*i**2 - 47 - 2*i**3 - x*i**3. Let v = -1246 - -1247. Calculate s(v).
-6
Suppose 0 = 4*m - 4*c - 12, -109*m + 4*c - 33 = -114*m. Let k(z) = -z**3 + 7*z**2 - 9*z + 12. Give k(m).
17
Suppose 44*o = -22*o + 2376. Let u(k) = -k**3 + 4*k**2 + 5*k + 4. Let c be u(6). Let v = c + o. Let z(l) = 2*l**3 + l**2 - 3*l - 2. Calculate z(v).
-8
Let u(f) = f**3 - 8*f**2 - 9*f - 2. Let p(v) be the second derivative of -3*v**3/2 + 9*v**2 + 86*v. Let c be p(1). What is u(c)?
-2
Let a be ((-8)/(-6))/(16/(-24)). Let b = 6 + a. Let t = b + -2. Let x(v) = v**3 + 2*v**2 - 4*v + 3. What is x(t)?
11
Let m(v) be the second derivative of -42*v + 0 + 5/12*v**4 + 1/20*v**5 - 3*v**2 + 1/6*v**3. Determine m(-5).
-11
Let b(j) be the third derivative of -j**5/60 + j**4/24 - 7*j**3/6 - 1599*j**2. Determine b(0).
-7
Let p(j) be the third derivative of -j**6/120 - j**5/15 - 5*j**4/24 - j**3/2 + 2*j**2 - 12880*j. Suppose -4*q = -2*q + 6. Give p(q).
3
Let w be 66/(-297) - 155/(-9). Suppose -20*f - w*f = -37. Let i(y) be the first derivative of 5*y**2 - y - 2. Give i(f).
9
Let j(z) = 2*z**3 - 17*z**2 - 9*z + 10. Let v(i) = -i**3 + 9*i**2 + 5*i - 5. Let b(y) = 3*j(y) + 5*v(y). Suppose -p - 92 = 3*p. Let t = 29 + p. Calculate b(t).
-7
Let t = 117 - 141. Let b = t - -20. Let k(n) = 7*n**2 + 19*n - 3. Let j(v) = 3*v**2 + 9*v - 1. Let h(x) = b*k(x) + 9*j(x). Determine h(5).
3
Suppose 82*o + 752 = 4*o + 1064. Let x(i) = 1 + 3 + 0 - 3*i. Determine x(o).
-8
Let y(b) = 3*b**2 - 5*b**2 + 4 + 5*b + 3*b**2. Let c(u) = -4*u**2 - 83*u - 12. Let r be c(-18). Let t be (-570)/r + (-4)/(-62). Give y(t).
-2
Let y(v) be the third derivative of v**5/60 - 7*v**4/24 + 874*v**2. Suppose -5*b = -13 - 2. Let f(u) = 2*u**2 - 4*u + 1. Let x be f(b). Calculate y(x).
0
Let q(n) = -1327*n - 81*n**3 - 9777 + 1331*n + 9775 - 4*n**2. Determine q(1).
-83
Let w(o) = 6*o**3 + o - 3*o**2 + 105 - 104 + 0*o. Let i be w(1). Let n(y) = i*y - 7*y**2 + y - 2 + 6*y**2. What is n(3)?
7
Let w(o) be the second derivative of -o**5/120 + o**4/4 + o**3/6 - 2*o. Let p(q) be the second derivative of w(q). L